 is g(z)?
8
Suppose -2 = -4*w - 14. Let s be (1 + -4 - w)/(-1). Let f(h) = -h**3 + h + 3. Calculate f(s).
3
Let r(t) = -2*t + 2*t - 3 + 3*t - 2*t. Let q = 30 - 0. Suppose -6*z - q = -11*z. Give r(z).
3
Let u(t) = t + 15. Let v(o) = o**3 - 5*o**2 + 5*o - 33. Let l be v(5). Determine u(l).
7
Let i(q) = 3*q + 2. Suppose 8*j - 6*j = -8. Let z be ((-42)/j + 0)*4/6. Determine i(z).
23
Let k(x) = -39*x + 6. Let r(u) = 32*u - 5. Let n(s) = 5*k(s) + 6*r(s). What is n(-12)?
36
Let b(z) be the second derivative of 14*z + 0 - 2/3*z**3 + 5/2*z**2 + 1/12*z**4. Determine b(4).
5
Let u be -4*((-21)/(-4))/3. Let i(y) be the first derivative of y**4/12 + 4*y**3/3 + 5*y**2 - y - 7. Let q(r) be the first derivative of i(r). Give q(u).
3
Let o(f) be the first derivative of 2*f**3/3 - f**2 - 4*f - 189. Give o(3).
8
Let r(o) be the first derivative of -o**4/4 - o**3 + o**2/2 + 4*o + 244. What is r(-3)?
1
Let i = -202 + 203. Let y(p) = 5*p. What is y(i)?
5
Let j = 58 - 28. Let y = j + -36. Let b(h) be the third derivative of h**6/120 + h**5/12 - 5*h**4/24 + 4*h**3/3 + h**2. Give b(y).
2
Let x(t) = -t + 3. Let k(j) be the second derivative of -17*j**5/20 - j**4/12 + j**3/3 - j**2/2 - 6*j. Let i be k(1). Let o = 20 + i. Determine x(o).
0
Let l = 3 + 0. Suppose 2*x + 4 = l*x. Let y(f) = 2*f - f**2 + x*f + 6 - f. Determine y(5).
6
Let u(t) = -49*t**2 + 11*t**2 - 6 - 2*t - t**3 + 18*t**2 + 0*t**3 + 14*t**2. Let r(s) = s**3 + s**2 - 4*s. Let a be r(-3). What is u(a)?
6
Let a(s) be the first derivative of s**4/4 - 2*s**3 - s**2/2 + 5*s + 9. Suppose -4*r - 40 = -6*r. Suppose -r = -3*p - 2. Calculate a(p).
-1
Let t(y) = -y**2 - 6*y - 5. Let h(k) = -2*k**3 + 3*k**2 - 4*k + 7. Let a be h(3). Let p be ((2*-1)/(-2))/(8/a). Give t(p).
3
Let w = -10 - -2. Let a(j) be the third derivative of j**5/60 + 5*j**4/12 + 3*j**3/2 + 2*j**2 + 3*j - 2. Give a(w).
-7
Let q(n) be the second derivative of n**3/6 - n**2 - 33*n. Calculate q(-3).
-5
Let f = 836 - 831. Let p(w) = 4*w - 9 - w - 2*w. Determine p(f).
-4
Let z(t) = -4*t + 7*t + t**2 - 6*t + 4*t. Let b(r) = -r. Let l be b(3). Determine z(l).
6
Let i(o) be the first derivative of 0*o + 9 - 2/3*o**3 + 1/120*o**6 + 7/2*o**2 + 1/30*o**5 - 1/12*o**4. Let m(r) be the second derivative of i(r). Give m(-3).
-7
Let k(l) = -l**2 + 4*l + 4. Suppose 55*p + 240 = 59*p. Let g = 64 - p. What is k(g)?
4
Let c(f) be the second derivative of 1/6*f**3 + 7/2*f**2 + 8*f + 0. What is c(-8)?
-1
Let d be -1 - 2 - (-2)/(4/26). Let l be (-7 + 55/d)/((-1)/2). Let j(a) = -5*a - 2. Calculate j(l).
-17
Let i = -187 + 129. Let z = 29 + i. Let l = -30 - z. Let q(w) = -w - 1. What is q(l)?
0
Let h(c) = 0*c**2 - 2977*c - 2*c**2 - 11 + c**2 + 2987*c. Determine h(12).
-35
Let w(m) = m**3 - 14*m**2 - 48*m - 56. Let j be w(17). Let b(t) be the second derivative of -2*t - 1/3*t**3 - 1/12*t**4 + 0*t**2 + 0. What is b(j)?
-15
Let c(z) be the third derivative of -z**5/60 - 7*z**4/24 + 2*z**3/3 - 6*z**2 + z. Suppose 3*v = -2*v + 25, 4*q - 5*v = -53. Calculate c(q).
4
Let y(r) = r**3 - 24*r**2 - 54*r + 60. Let d be y(26). Let f(c) = c**2 - 8*c - 5. What is f(d)?
-5
Suppose 11*m + m = -4*m. Let x(k) be the second derivative of 2*k + 0 + 0*k**3 + 0*k**2 - 3/20*k**5 + m*k**4. Determine x(1).
-3
Let p(u) = u**3 + 8*u**2 - u - 7. Let o(g) = 189*g + 559. Let x be o(-3). Give p(x).
1
Let j(g) = 37 - 4*g - 70 + 39. Calculate j(-6).
30
Suppose -u = -l, 4*u + 19 = -l - 6. Let f(m) = m**2 + 11*m + 32. Let o be f(u). Let n(z) = -2*z**2 - 1. What is n(o)?
-9
Suppose -5*t - 9 - 1 = 0, 4*o + 116 = -4*t. Let p = -32 - o. Let q(v) = -v**3 - 5*v**2 + v - 1. Calculate q(p).
-6
Suppose 18*a = -7 + 133. Let w(i) = i**3 - 6*i**2 - 8*i + 2. Determine w(a).
-5
Let z(d) = -d. Let y(j) = 1. Let f(s) = y(s) + z(s). Determine f(-13).
14
Let q(v) = -21*v + 83. Let h(u) = -10*u + 42. Let j(c) = 5*h(c) - 2*q(c). What is j(5)?
4
Let t(k) be the third derivative of k**5/60 - 7*k**4/24 - k**3/2 - 2*k**2. Let j be (24/10)/((-12)/(-40)). Let b be t(j). Let a(u) = -u - 3. What is a(b)?
-8
Suppose -146 + 122 = -4*f. Let z(p) = p**2 - 5*p - 10. Determine z(f).
-4
Let g(l) = -8*l - 2. Suppose 10*f + 0 = -10. Determine g(f).
6
Let l(j) = 4*j - 48. Let v be l(11). Suppose 0*m = 3*m - 18. Let i(o) = 2 + 2 + o - m. Determine i(v).
-6
Let u(g) = -g**3 - 18*g**2 - 19*g - 41. Suppose 30 = -2*b + 4*q, -5*q + 35 - 40 = 0. Determine u(b).
-7
Let q(h) = -3*h**3 - h. Suppose -f = 6*l + 19, 0 = -3*f + 3*l - 6 + 12. Calculate q(f).
4
Let n(j) = j**3 - 10*j**2 + 8*j + 12. Let a(l) = -l**3 + 6*l**2 - 8*l + 9. Suppose -2*g - 2*b = -14 - 0, 0 = -2*g - b + 11. Let u be a(g). Determine n(u).
3
Suppose 0 = -3*d + w + 14, 3*d + d + w - 28 = 0. Let y(m) be the first derivative of m**3/3 - 7*m**2/2 - m + 11. What is y(d)?
-7
Let s(t) = -2*t**3 + 2*t**2 + t. Let h be s(-1). Let l = 58 - 56. Let m(k) = k - 1 - k**3 + 4*k + h*k**2 - 6*k - l*k**2. Determine m(-1).
2
Let b(s) = -s - 3. Let i be 1*(-3 + -3) - -1. Give b(i).
2
Let p(z) = -71*z + z**2 + 144*z - 76*z - 7. What is p(4)?
-3
Let n(s) = s - 7. Let r be 0*((-13)/3 - -4)*1. Give n(r).
-7
Let s(f) = f**2 - f + 15. Suppose 47 + 25 = 2*g. Let y = -36 + g. What is s(y)?
15
Let n(b) be the second derivative of -b**3/6 - 3*b**2 + 3*b. Let g = 1201 - 1209. Give n(g).
2
Let p = -12 - -17. Suppose -6*d + p*d + 15 = -5*z, 2*z + 6 = -5*d. Let f(o) = o**3 + o**3 + 2*o**2 - 3*o - 4 - o**3. Determine f(z).
-4
Suppose 6*c - 45 = 11*c. Let f(u) = u**3 + 10*u**2 + 9*u - 8. Determine f(c).
-8
Suppose 5*h - 5 = 5. Let m = 97 + -95. Let d(a) = -m*a**3 - 58*a + 2 + 55*a + 1 + 4*a**2 - 2. What is d(h)?
-5
Let a be (-2*(-3)/36*-6)/(-30). Let u(x) be the third derivative of 0*x + 1/24*x**4 + 0*x**5 - a*x**6 + 0 - x**2 + 0*x**3. Calculate u(-1).
3
Let v be ((-6)/8)/(2/(-8)). Suppose 0*m + 10 = x + v*m, -3*x - 3*m + 12 = 0. Let d(i) be the second derivative of 7*i**3/6 + 6*i. Give d(x).
7
Suppose -3*z - 4*q + 63 = 0, -3*z = -6*z + 2*q + 45. Suppose -2*f + z - 19 = 0. Let s(r) = 5*r**3 - r. Determine s(f).
-4
Let z be (105/15 + (-52)/8)/(3/(-24)). Let j(s) be the second derivative of s + 0*s**3 + 0 + 3/2*s**2 - 5/12*s**4 - 1/20*s**5. What is j(z)?
-13
Let c(t) = -t**2 - t + 1. Let h(w) be the first derivative of -13*w**3/3 - 3*w**2/2 + 2*w + 12. Let q(f) = -2*c(f) + h(f). Give q(-1).
-10
Let i(p) = -5*p**3 - 4*p - 9. Let v(a) = -6*a**3 - 6*a - 11. Let j(z) = 5*i(z) - 4*v(z). Determine j(4).
-49
Let o be (-42)/(98/7) + 5. Let f(l) = l - 4. Let u(p) = -5*p + 17. Let h(c) = -9*f(c) - 2*u(c). What is h(o)?
4
Let f(d) = 3*d**3 - d**2 - d. Let m be f(-1). Let y(w) = w**3 - 8*w**2 - 8. Let x(g) = 2*g**3 - 12*g**2 - 12. Let i(c) = -5*x(c) + 8*y(c). Give i(m).
14
Let s(u) = -13*u**3 + 12*u**2 - 11*u - 9. Let o(m) = 4*m**3. Let q(x) = -3*o(x) - s(x). Determine q(11).
9
Suppose 3*s + 9 = -3*z, 2*s - 7*s = 25. Let h(j) = 0*j**z + 9*j + 5 + j**2 - 5*j**2 - 3*j**2 - j**3. Let g be h(-8). Let r(b) = -b**2 + 4. Give r(g).
-5
Let l(g) = g + 23. Suppose 4*o = 5*o + 17. Let w be l(o). Let p(a) = -a**3 + 5*a**2 + 3*a + 6. Give p(w).
-12
Let c(q) = -q + 1. Let b(g) = -4*g**2 - 3*g + 3. Let t(v) = b(v) - 4*c(v). Let y = 1751 - 1750. What is t(y)?
-4
Let q(g) = -g**3 - g**2 - 3*g - 1. Let c(a) = -3*a**3 - a**2 - 5*a - 5. Let z(w) = -2*c(w) + 5*q(w). Give z(3).
-10
Let f(c) = -4*c**3 + c**2 + c + 1. Let d(y) = -y**2 - y + 139. Let j be d(0). Suppose 4*o + v = -119, -5*o + o + 3*v - j = 0. Let i = o - -30. Give f(i).
5
Let n(g) = 3*g**3 - 9*g**2 + 13*g + 9. Let o(a) = -17*a**3 + 45*a**2 - 66*a - 46. Let m(r) = 11*n(r) + 2*o(r). What is m(-10)?
-3
Let k(b) be the third derivative of b**5/60 + 13*b**4/24 - 8*b**3/3 - 532*b**2. Determine k(-15).
14
Let b(n) = -n - 22 - 24 - n + 43 - 3*n**2. Let v(a) = 3 + 2 + 7*a**2 - 5*a + 8*a. Let j(u) = -5*b(u) - 2*v(u). Determine j(-4).
5
Let c(a) be the third derivative of 0*a - 15*a**2 + 0 + 1/3*a**3 - 1/8*a**4. Determine c(-3).
11
Let l(h) be the third derivative of -h**6/120 + 11*h**5/60 - h**4/8 - 2*h**3/3 - 194*h**2. Determine l(11).
-37
Let q(p) = -p**2 + 10*p - 4. Let i(j) = 2*j**2 + 18*j + 20. Let d be i(-10). Suppose -43*k + d = -38*k. What is q(k)?
12
Let c(r) = r**2 + 2*r + 2. Let i be c(-4). Suppose 0 = 16*d - 11*d - i. Let j(m) = 4*m**3 + 3*m**d + m + 0*m**2 - 3 - 5*m**3 + 0*m**2. Calculate